ime factors of d.
2, 3
Let a = 16 - 12. Suppose 2*w = a + 6. Suppose k - 44 = -4*t, -2*t + 220 = w*k - 3*t. What are the prime factors of k?
2, 11
Let g(k) = k**3 + 6*k**2 + 5*k + 2. Let o be g(-5). Suppose 18 + 22 = o*f. What are the prime factors of (-3 - (3 + -3)) + f?
17
Suppose 934 = w + 4*y, -w + 2*y - y + 929 = 0. List the prime factors of w.
2, 3, 5, 31
Let o be -6 - ((-3)/2)/((-2)/(-4)). List the prime factors of 1/(-3*o/297).
3, 11
Let y be ((-60)/80)/(1/48*-2). Let b = y + 23. What are the prime factors of b?
41
Let y = 123 - 23. What are the prime factors of y?
2, 5
What are the prime factors of (8/(-6))/((-196)/137739) - -1?
2, 7, 67
Let c be 32 - 3*(-2 - -3). Let p = 60 - c. Suppose -4*h = 3*k - 59, 3*k = -h + p + 40. What are the prime factors of k?
5
What are the prime factors of -292*((9 - 10) + -3)?
2, 73
Suppose f + 3*f = 40. Suppose 0 = -2*j - f, 0 = 4*n - 0*j - 3*j - 255. What are the prime factors of n?
2, 3, 5
Let u be (-21)/2*(-26)/13. Suppose i = -x + u, 4*x - 54 = -2*i + 8*x. What are the prime factors of i?
23
Let n = 21 + -17. Suppose 2*p - 8 = -2*l + 22, 3*l - 47 = -n*p. Suppose 7 = 2*q - l. List the prime factors of q.
2, 5
Suppose 0 = 4*n + 6*n - 1860. List the prime factors of n.
2, 3, 31
List the prime factors of 85 + -78 + 38*29.
1109
Let x(f) be the second derivative of 11*f + 1/12*f**4 - 1/6*f**3 + 47/2*f**2 + 0. What are the prime factors of x(0)?
47
Let d(l) = -l**2 + 8*l + 10. Let v be d(8). Let r = v - 6. Suppose r*b - 6 = 18. List the prime factors of b.
2, 3
Let u(n) = 2*n + 48. Let k be u(-26). What are the prime factors of (k - (-68)/16)*584?
2, 73
Let q(d) = 9*d + 1. Let o be q(-1). Let b(a) = -a + 3. Let y be b(o). Let j = y + 29. List the prime factors of j.
2, 5
What are the prime factors of 3*-93*(9 - 10) + 1?
2, 5, 7
Let w = 34 + -48. Let m be (54/(-21))/(2/w). Suppose -3*f = -f - m. List the prime factors of f.
3
Let k = 27 - 18. Suppose -3*z - k = -0*z, 2*z = -4*h + 234. Suppose -10*x + 6*x = -h. What are the prime factors of x?
3, 5
Suppose 0 = -22*b + 50417 - 9629. What are the prime factors of b?
2, 3, 103
Suppose -10 = -5*r + 3*r. Suppose 204 = -r*c + 6*c. What are the prime factors of c?
2, 3, 17
Suppose 2*a + 2*l + 10 = 0, 5*a - 6*a + 3*l + 7 = 0. What are the prime factors of (18 - a)*(2 + 20/(-16))?
3, 5
Let w = 56 + -54. Suppose -4*g = -3*n + 293, 0 = w*g + 3*g - 5. What are the prime factors of n?
3, 11
Let z(a) = 42*a**2 + 9*a - 33. What are the prime factors of z(4)?
3, 5
Suppose -251*f + 232*f = -46569. What are the prime factors of f?
3, 19, 43
Suppose -5*o + 9 = -2*o. Suppose 4*q + 82 = 4*v + 218, -o*v - 162 = -5*q. What are the prime factors of q?
2, 3, 5
Let w = -159 + 163. List the prime factors of (-4 - (-7638)/39) + w/26.
2, 3
Suppose 0*r - 166 = -2*r. Let s be ((-16)/6 - -3) + 13/(-39). Suppose 3*h = -2*a + 56, -4*h + s*h = a - r. What are the prime factors of h?
2, 11
Let o = 277 + 358. List the prime factors of o.
5, 127
Suppose 0 = -5*r - 20, 0 = 3*d + 9*r - 6*r - 285. List the prime factors of d.
3, 11
Suppose 12*p = p - 385. Let n = p - -100. What are the prime factors of n?
5, 13
Let g(i) = i**2 + 9*i - 13. Let b be g(-10). Let p = 7 + b. Let q(d) = 3*d - 7. List the prime factors of q(p).
5
Suppose -4*h + 36 = -188. Suppose 0 = 4*y + h - 288. What are the prime factors of y?
2, 29
Let w = -32 + 32. What are the prime factors of (0 + (w - 3))*-15?
3, 5
Let g(o) = 3*o**3 + 5*o**2 + 14*o + 7. Let w(r) = r**3 + 1. Let b(c) = g(c) - 4*w(c). Let a be b(7). Suppose a*s = -2*s + 215. What are the prime factors of s?
43
Suppose -4*d + 3*y + 9631 = 0, d - 2*y - 1405 = 1009. What are the prime factors of d?
2, 601
Let y(v) = -11 + 6 + 11 + 3*v**3 - 5*v - 12*v**2. What are the prime factors of y(6)?
2, 3
Suppose -z + 4*m = -1581, 4703 = z + 2*z - 4*m. Suppose -z = 10*j - 17*j. List the prime factors of j.
223
Let v(l) = -3*l + 4. Suppose -5*t + 3*b + 33 = -7, 2*t = -3*b + 16. Let a be v(t). Let o = a - -34. What are the prime factors of o?
2, 7
Let f(s) = s**2 + 10*s. Let k be 10/(2/(-3 + 1)). Let n be f(k). List the prime factors of (-16 - (n - -1))*-1.
17
Let p(q) = q**2 - 11*q - 7. Let r be p(12). Suppose 3*g - r*j = 527, 0 = -2*g - 0*g + 5*j + 353. Suppose 7*l - 246 - g = 0. List the prime factors of l.
2, 3, 5
Let m(a) = -4*a - 54. Let d be m(-16). Let k be (4 + -2)/2 + 13. Suppose 0 = u - 2*x - k - 1, 0 = 2*x + d. What are the prime factors of u?
5
Suppose -4*q - 1 = p - 7, -4*q = -4. Suppose -p*g = -g - 3. Suppose 0*f = 2*f - g*r - 25, 3*r - 95 = -4*f. What are the prime factors of f?
2, 5
Let l = 824 + -74. List the prime factors of l.
2, 3, 5
Let b be (4 - 1)*-2*(-3)/(-9). List the prime factors of (-4000)/(-35) - 3/((-21)/b).
2, 3, 19
Suppose 4*k - 6 = 3*k. Let r = -197 + 199. Suppose r*i = k*i - 36. List the prime factors of i.
3
Suppose -13*o = 2*o + 9375. What are the prime factors of (24/5)/((-50)/o)?
2, 3, 5
Let g = -752 - -1662. List the prime factors of g.
2, 5, 7, 13
Suppose 3*p = m - 3 + 10, 0 = 3*p - 2*m - 8. Suppose -p*r - 4*l + 249 = r, 0 = r + 5*l - 72. What are the prime factors of r?
3, 29
Suppose m + 6 - 1 = -3*j, 4*j = -3*m. Suppose 67 + 89 = -m*i. List the prime factors of (-7 - -6) + (-1 - i).
37
Suppose -415 = -7*h - 44. List the prime factors of h.
53
Suppose u + 22 = 5*r, -3*r + 2*u = 7*u - 2. Let o be r + -3 - 0 - 1. Suppose -2*l - l + 51 = o. List the prime factors of l.
17
Let o(j) = 12*j**2 - 5*j**2 + 4*j**2. Let a be o(-1). Suppose -100 = 7*x - a*x. List the prime factors of x.
5
Let b = -292 - -261. Let s be 2/((-2)/(-1)) - -51. Let p = b + s. List the prime factors of p.
3, 7
Let u = 68 + -70. List the prime factors of -2*u/(-12) - 596/(-6).
3, 11
Suppose 54*i - 86476 = 53600. What are the prime factors of i?
2, 1297
Let c = -1447 - -2677. What are the prime factors of c?
2, 3, 5, 41
Let h(j) = j**2 + 19*j + 5. Let r(p) = -2*p**2 - 39*p - 9. Let k(d) = -7*h(d) - 3*r(d). Let t be ((-14)/8)/(27/24 - 1). List the prime factors of k(t).
2, 5
Let l = 6824 - 4455. List the prime factors of l.
23, 103
Suppose -5 = 4*b + 11, 3*q = 3*b + 21. Suppose 594 = q*v + 3*v. List the prime factors of v.
3, 11
Suppose -13 = 3*v - 70. Suppose -10 - 16 = -a. Let s = v + a. What are the prime factors of s?
3, 5
Suppose 4*p + 4*o - 4132 = 0, 0 = -o - 4*o. List the prime factors of p.
1033
Suppose -4477 = 14*d - 18155. What are the prime factors of d?
977
Let g = 2755 - 1504. List the prime factors of g.
3, 139
Suppose l + 2474 = 4*q, 2*q - 1844 = -q - 5*l. What are the prime factors of q?
2, 3, 103
Suppose -1997 = -2*u + 7725. What are the prime factors of u?
4861
Suppose -1354 = -7*r - 10. What are the prime factors of r?
2, 3
List the prime factors of 396*(14/(-2))/(-7).
2, 3, 11
Suppose r - 6 = -3*z + 4*z, 0 = -r + 2*z + 8. Let t be ((-8)/r - 4) + 1. Let s(a) = -a + 3. What are the prime factors of s(t)?
2
Suppose -11*j = -16*j. Let a(t) = 14*t + 4. Let u be a(3). Suppose j*l = -2*l + u. List the prime factors of l.
23
Let l(n) = -21*n**2 + 33*n + 40. Let b(j) = 5*j**2 - 8*j - 10. Let u(v) = 9*b(v) + 2*l(v). What are the prime factors of u(7)?
5, 19
Suppose -5*b - 71 = -5*n - 11, 3*n - 2*b - 38 = 0. Let w = n - 12. Let y = w + 3. What are the prime factors of y?
5
Suppose -4*l - h = -1615, 6*l + 5*h - 418 = 5*l. List the prime factors of l.
13, 31
Suppose 3*i - i = 5*s - 29, 3*i + 5*s = 19. Let t(y) = 17*y**2 - y + 3. What are the prime factors of t(i)?
73
Let v(q) = -2*q**3 + 49*q + 238. What are the prime factors of v(-5)?
3
Let j(h) = -h**2 - h - 1. Let b be (-4)/(5 + 3)*-2. Let m(p) = 5*p**2 - 10*p + 20. Let k(u) = b*m(u) + 4*j(u). What are the prime factors of k(14)?
2
Let i(g) be the third derivative of 19*g**4/12 - 2*g**3/3 + 14*g**2. List the prime factors of i(2).
2, 3
Let v = 11 + -9. Suppose 5*n = p - v*p + 57, 16 = 2*n - 3*p. List the prime factors of n.
11
Let c be (3/9)/(1 + 62/(-63)). Suppose -324 = -c*m + 306. What are the prime factors of m?
2, 3, 5
Let r = -50 + 1986. List the prime factors of r.
2, 11
Suppose 0 = -8*p + 1707 + 2125. List the prime factors of p.
479
Let g(d) = -d**3 - 4*d**2 + 5. Let j be g(-4). Suppose -j*s = -s - 28. Suppose s*b - 60 = 2*b. What are the prime factors of b?
2, 3
Let h(g) = 8*g**2 - 28*g - 55. List the